{"id":11261,"date":"2026-02-19T20:10:05","date_gmt":"2026-02-19T20:10:05","guid":{"rendered":"https:\/\/hautarchitekt.at\/?post_type=product&#038;p=11261"},"modified":"2026-02-19T20:10:05","modified_gmt":"2026-02-19T20:10:05","slug":"alegance-the-serum-30ml","status":"publish","type":"product","link":"https:\/\/hautarchitekt.at\/?product=alegance-the-serum-30ml","title":{"rendered":"Alegance &#8211; The Serum  30ml"},"content":{"rendered":"<p>Luxuri\u00f6se Feuchtigkeit trifft auf sp\u00fcrbare Hautverj\u00fcngung.<\/p>\n<p>Das Alegance \u2013 The Serum Hyaluron Rose Infusion von Alex Cosmetic ist ein hochkonzentriertes Feuchtigkeitsserum, das die Haut intensiv hydratisiert und ihr neue Elastizit\u00e4t verleiht. Die Kombination aus Hyalurons\u00e4ure und edler Roseninfusion durchfeuchtet die Haut bis in tiefere Schichten und sorgt f\u00fcr einen sofortigen Frische-Effekt.<\/p>\n","protected":false},"excerpt":{"rendered":"<p>Alegance \u2013 The Serum Hyaluron Rose Infusion von Alex Cosmetic ist ein intensiv feuchtigkeitsspendendes Anti-Aging-Serum mit Hyaluron und Rosenextrakt. Es polstert die Haut sichtbar auf, verleiht einen frischen Glow und sorgt f\u00fcr ein geschmeidig-zartes Hautgef\u00fchl.<\/p>\n","protected":false},"featured_media":11262,"comment_status":"open","ping_status":"closed","template":"","meta":{"content-type":""},"product_brand":[140],"product_cat":[152],"product_tag":[],"class_list":{"0":"post-11261","1":"product","2":"type-product","3":"status-publish","4":"has-post-thumbnail","6":"product_brand-alex-cosmetic-gmbh","7":"product_cat-intensiv","9":"first","10":"instock","11":"taxable","12":"shipping-taxable","13":"purchasable","14":"product-type-simple"},"_links":{"self":[{"href":"https:\/\/hautarchitekt.at\/index.php?rest_route=\/wp\/v2\/product\/11261","targetHints":{"allow":["GET"]}}],"collection":[{"href":"https:\/\/hautarchitekt.at\/index.php?rest_route=\/wp\/v2\/product"}],"about":[{"href":"https:\/\/hautarchitekt.at\/index.php?rest_route=\/wp\/v2\/types\/product"}],"replies":[{"embeddable":true,"href":"https:\/\/hautarchitekt.at\/index.php?rest_route=%2Fwp%2Fv2%2Fcomments&post=11261"}],"wp:featuredmedia":[{"embeddable":true,"href":"https:\/\/hautarchitekt.at\/index.php?rest_route=\/wp\/v2\/media\/11262"}],"wp:attachment":[{"href":"https:\/\/hautarchitekt.at\/index.php?rest_route=%2Fwp%2Fv2%2Fmedia&parent=11261"}],"wp:term":[{"taxonomy":"product_brand","embeddable":true,"href":"https:\/\/hautarchitekt.at\/index.php?rest_route=%2Fwp%2Fv2%2Fproduct_brand&post=11261"},{"taxonomy":"product_cat","embeddable":true,"href":"https:\/\/hautarchitekt.at\/index.php?rest_route=%2Fwp%2Fv2%2Fproduct_cat&post=11261"},{"taxonomy":"product_tag","embeddable":true,"href":"https:\/\/hautarchitekt.at\/index.php?rest_route=%2Fwp%2Fv2%2Fproduct_tag&post=11261"}],"curies":[{"name":"wp","href":"https:\/\/api.w.org\/{rel}","templated":true}]}}